lculate the highest common divisor of 86395 and 111.
37
Calculate the highest common divisor of 6 and 25301.
1
Calculate the greatest common factor of 400 and 205936.
16
Calculate the highest common factor of 52266 and 62.
62
Calculate the greatest common factor of 5632 and 24256.
64
What is the greatest common divisor of 75 and 6005?
5
What is the highest common factor of 9 and 2315367?
9
What is the greatest common factor of 39032 and 2023?
119
What is the greatest common factor of 754 and 43355?
377
Calculate the greatest common factor of 1404 and 988.
52
What is the highest common factor of 575 and 2990?
115
What is the highest common divisor of 1241 and 196516?
73
What is the highest common factor of 220 and 20845?
55
Calculate the greatest common divisor of 1547 and 3483181.
221
What is the greatest common divisor of 352 and 5856?
32
Calculate the highest common divisor of 1731 and 189.
3
Calculate the highest common divisor of 7720 and 795932.
772
Calculate the greatest common divisor of 2782 and 82368.
26
Calculate the highest common divisor of 137706 and 1770.
354
Calculate the greatest common divisor of 88 and 976.
8
Calculate the greatest common divisor of 1843 and 4142.
19
What is the greatest common factor of 54465 and 60?
15
Calculate the highest common divisor of 8196 and 24.
12
Calculate the highest common divisor of 573407 and 62.
31
Calculate the highest common factor of 667 and 20341499.
667
What is the highest common factor of 687 and 569294?
229
Calculate the highest common factor of 96765 and 45.
15
What is the highest common factor of 568 and 272356?
284
Calculate the highest common factor of 3059 and 1022143.
437
Calculate the highest common factor of 47022 and 12.
6
What is the greatest common factor of 78 and 1061866?
26
Calculate the highest common divisor of 1284 and 72439.
107
Calculate the greatest common factor of 152 and 3706140.
76
What is the greatest common factor of 2077 and 3379?
31
Calculate the greatest common factor of 10472 and 2233.
77
Calculate the highest common divisor of 363000 and 1936.
968
Calculate the highest common divisor of 719825 and 75.
25
Calculate the highest common divisor of 3196 and 4148.
68
What is the greatest common divisor of 124157 and 11?
11
Calculate the highest common divisor of 1321 and 147.
1
What is the highest common divisor of 318 and 3421203?
159
What is the greatest common factor of 61785 and 9?
9
Calculate the highest common factor of 192 and 92.
4
Calculate the highest common factor of 114 and 1383.
3
Calculate the highest common factor of 182 and 706888.
182
What is the highest common factor of 518 and 224035?
259
Calculate the greatest common factor of 2912 and 220454.
26
What is the greatest common divisor of 492426 and 726?
66
Calculate the highest common divisor of 870 and 89262.
174
Calculate the greatest common factor of 58 and 9436078.
58
What is the highest common divisor of 415 and 10475?
5
What is the highest common factor of 152 and 10744?
8
Calculate the greatest common divisor of 7037770 and 20.
10
Calculate the highest common factor of 98 and 1481172.
98
What is the greatest common factor of 215122 and 58?
58
What is the greatest common factor of 86 and 2444249?
43
Calculate the highest common divisor of 495 and 24801.
3
Calculate the greatest common divisor of 3535116 and 52.
52
Calculate the greatest common factor of 113176 and 752.
376
Calculate the greatest common factor of 2438573 and 86.
43
Calculate the greatest common factor of 249351 and 3.
3
What is the highest common divisor of 1416 and 6144?
24
What is the highest common divisor of 8692 and 246?
82
Calculate the highest common divisor of 824536 and 8.
8
Calculate the highest common factor of 83460 and 174945.
1605
What is the highest common factor of 9648 and 368433?
603
What is the highest common factor of 10319 and 340?
17
What is the highest common factor of 41 and 4762970?
41
Calculate the greatest common factor of 61915 and 580.
145
What is the highest common divisor of 264 and 4248?
24
What is the greatest common divisor of 12 and 530088?
12
Calculate the greatest common divisor of 119 and 362559.
17
What is the highest common divisor of 874 and 166934?
874
Calculate the greatest common factor of 218 and 678416.
218
What is the greatest common factor of 34532 and 1940?
388
What is the greatest common divisor of 117 and 100107?
9
What is the highest common divisor of 86568 and 160?
8
What is the greatest common factor of 8321 and 109115?
157
What is the highest common divisor of 31000 and 465?
155
What is the greatest common factor of 10 and 172945?
5
What is the greatest common divisor of 41952 and 1680?
48
Calculate the greatest common factor of 50786 and 1516.
758
Calculate the greatest common divisor of 22 and 2649559.
11
Calculate the greatest common factor of 13797 and 87129.
189
What is the highest common factor of 2716 and 112?
28
Calculate the greatest common factor of 190395 and 45.
45
What is the greatest common divisor of 1821781 and 1677?
559
What is the highest common divisor of 3 and 501447?
3
What is the greatest common factor of 132 and 34012?
44
Calculate the greatest common factor of 1896 and 432.
24
Calculate the greatest common divisor of 71504 and 4141.
41
What is the highest common factor of 22665 and 190?
5
Calculate the greatest common divisor of 39445 and 437.
23
Calculate the greatest common divisor of 5373 and 249.
3
What is the greatest common factor of 602 and 247366?
14
What is the highest common factor of 142 and 47783?
71
Calculate the greatest common divisor of 1562 and 355.
71
What is the highest common divisor of 31882 and 114?
38
Calculate the greatest common factor of 29183 and 77.
77
Calculate the greatest common divisor of 11837 and 50407.
133
Calculate the greatest common factor of 9681 and 84.
21
Calculate the highest common divisor of 731 and 8279.
17
Calculate the highest common divisor of 2236 and 220324.
52
What is the greatest common factor of 229187 and 30483?
1129
Calculate the highest common factor of 16951 and 3234.
11
Calculate the highest common factor of 466830 and 270.
270
Calculate the highest common factor of 616 and 938.
14
Calculate the greatest common divisor of 2 and 26977.
1
Calculate the greatest common divisor of 71550 and 510.
30
Calculate the greatest common factor of 566442 and 81.
9
What is the highest common divisor of 19842 and 48?
6
What is the highest common factor of 188497 and 13753?
809
What is the highest common divisor of 28 and 3171?
7
Calculate the highest common factor of 100489 and 3170.
317
What is the highest common factor of 644 and 1666?
14
Calculate the highest common divisor of 130317 and 1815.
363
What is the highest common factor of 356525 and 39?
13
Calculate the greatest common divisor of 10 and 475770.
10
Calculate the greatest common divisor of 1826132 and 968.
484
Calculate the greatest common factor of 1012102 and 581.
581
Calculate the greatest common factor of 1303632 and 288.
144
What is the greatest common factor of 217 and 129487?
31
Calculate the greatest common factor of 169 and 6409.
13
What is the highest common factor of 13685 and 901?
17
Calculate the highest common factor of 3703 and 1127.
161
What is the greatest common divisor of 9064290 and 60?
30
Calculate the greatest common factor of 27562 and 14.
2
What is the greatest common divisor of 570 and 7505?
95
What is the greatest common factor of 246140 and 3100?
620
What is the greatest common divisor of 747 and 603?
9
Calculate the greatest common divisor of 2780 and 72836.
556
What is the highest common divisor of 13916 and 84?
28
Calculate the greatest common divisor of 280 and 75698.
14
What is the greatest common divisor of 24102 and 702?
234
What is the highest common factor of 86796 and 468?
36
What is the highest common divisor of 40 and 164110?
10
Calculate the greatest common divisor of 339212 and 1857.
619
Calculate the greatest common divisor of 11226 and 66.
6
Calculate the greatest common factor of 905 and 11222.
181
What is the highest common factor of 76779 and 1710?
171
What is the greatest common factor of 116928 and 128?
64
Calculate the highest common factor of 7106 and 730246.
418
Calculate the greatest 